Is 2391923 a prime number?
False
Is 1632053 a prime number?
False
Is 88192381 a prime number?
True
Is 2454229 composite?
False
Is 156058027 composite?
False
Is 8536571 prime?
True
Is 174601 prime?
False
Is 1165608401 prime?
False
Is 38186261 composite?
False
Is 4821919 prime?
True
Is 1895563 a composite number?
False
Is 778979 composite?
False
Is 4792187 prime?
False
Is 218872261 a composite number?
True
Is 6821011 a composite number?
False
Is 2618441 prime?
False
Is 1378387 prime?
True
Is 29898263 a composite number?
True
Is 3031003 prime?
False
Is 3267067 a composite number?
False
Is 89500667 composite?
True
Is 402299 a composite number?
False
Is 37863869 a composite number?
True
Is 2362567 composite?
True
Is 48018587 prime?
True
Is 48614619 composite?
True
Is 942998201 a composite number?
False
Is 329625103 composite?
False
Is 138012643 a prime number?
True
Is 1329619 composite?
False
Is 46378 prime?
False
Is 18740927 composite?
False
Is 242861 composite?
True
Is 2792999 composite?
True
Is 21873689 prime?
False
Is 2218171 a prime number?
True
Is 50269997 a composite number?
False
Is 2861 prime?
True
Is 139331 a prime number?
False
Is 7842883 composite?
True
Is 47605449 composite?
True
Is 6154991 a prime number?
True
Is 267105346 a composite number?
True
Is 1957723 a composite number?
True
Is 11446238 composite?
True
Is 131718911 a composite number?
False
Is 1064369 a composite number?
True
Is 628433189 composite?
True
Is 22556201 a prime number?
False
Is 42513641 composite?
False
Is 366426431 composite?
True
Is 173888167 composite?
False
Is 591053743 a composite number?
True
Is 2118833 prime?
True
Is 276651731 a composite number?
False
Is 78369971 prime?
True
Is 563019557 a composite number?
False
Is 5449487 prime?
True
Is 50325293 prime?
False
Is 495118159 a prime number?
True
Is 492756727 composite?
True
Is 18530177 a prime number?
True
Is 35791109 a composite number?
False
Is 6206653 composite?
False
Is 16359997 prime?
True
Is 690108407 a prime number?
False
Is 174898189 composite?
False
Is 29685787 a prime number?
True
Is 155553571 a prime number?
True
Is 86923297 a prime number?
False
Is 69518827 composite?
True
Is 16578557 a composite number?
False
Is 1554977 composite?
False
Is 566445377 prime?
True
Is 305317 composite?
True
Is 55949 a composite number?
False
Is 6630142 prime?
False
Is 10922441 a composite number?
True
Is 40677521 composite?
False
Is 34008451 a composite number?
False
Is 34520377 a composite number?
False
Is 34522337 composite?
True
Is 1900813 composite?
False
Is 4090637 a composite number?
False
Is 3758357 prime?
False
Is 99897055 a prime number?
False
Is 55224383 a composite number?
False
Is 25982989 prime?
False
Is 80520169 a composite number?
True
Is 6752617 composite?
False
Is 18246557 prime?
False
Is 1440992463 composite?
True
Is 76319 a prime number?
False
Is 97677103 a prime number?
False
Is 135083773 prime?
False
Is 5276701 a prime number?
True
Is 1978709 a composite number?
False
Is 120100171 a prime number?
True
Is 930545021 a composite number?
True
Is 8174893 a prime number?
True
Is 131734 a prime number?
False
Is 8453 a composite number?
True
Is 57016877 a prime number?
True
Is 629279 a prime number?
False
Is 119588453 a prime number?
False
Is 1184791 prime?
True
Is 13819354 a composite number?
True
Is 43947667 composite?
False
Is 1692421 prime?
True
Is 287397959 composite?
True
Is 18918677 prime?
False
Is 2206489 a prime number?
False
Is 1838731 a prime number?
False
Is 3405229 composite?
True
Is 19488327 prime?
False
Is 1561073 prime?
False
Is 4414703 a composite number?
False
Is 1394167 a composite number?
False
Is 89264039 composite?
False
Is 1876741 composite?
False
Is 13065359 prime?
True
Is 2629409 prime?
True
Is 5003561 a composite number?
True
Is 227022967 a composite number?
False
Is 229669057 a prime number?
False
Is 149948699 composite?
False
Is 12304109 prime?
False
Is 3190819 prime?
True
Is 7952573 composite?
False
Is 3619903 prime?
False
Is 34569173 a composite number?
False
Is 693047 prime?
False
Is 6934091 a composite number?
False
Is 165453781 a composite number?
True
Is 119768381 prime?
False
Is 34751803 composite?
False
Is 1933759 a composite number?
False
Is 8802245 a prime number?
False
Is 11089091 prime?
False
Is 2047439 a prime number?
True
Is 2209631 prime?
True
Is 3389299 a prime number?
True
Is 3232639 prime?
False
Is 4491401 composite?
False
Is 91132247 prime?
False
Is 19544269 composite?
False
Is 3682639 prime?
True
Is 264280061 a prime number?
True
Is 479276741 prime?
False
Is 7011941 prime?
False
Is 2012759 prime?
False
Is 83025367 prime?
True
Is 1972537 prime?
False
Is 20387273 composite?
True
Is 3067919 composite?
True
Is 282941317 composite?
False
Is 7718091 a prime number?
False
Is 537487987 a composite number?
True
Is 1614161 a prime number?
False
Is 615831989 composite?
False
Is 11692393 a prime number?
True
Is 6152563 composite?
False
Is 36201527 a prime number?
True
Is 3299161 a composite number?
False
Is 30603421 composite?
False
Is 29100943 a prime number?
False
Is 305043017 a prime number?
True
Is 38817797 prime?
False
Is 387355 prime?
False
Is 712129453 composite?
True
Is 92401993 a composite number?
False
Is 31556303 prime?
True
Is 9278779 composite?
True
Is 22567053 a prime number?
False
Is 708278 prime?
False
Is 10148542 a prime number?
False
Is 766247 prime?
True
Is 351778699 prime?
True
Is 92111549 prime?
False
Is 177808159 composite?
False
Is 999979 a composite number?
False
Is 403445389 composite?
False
Is 10413977 a prime number?
False
Is 121754081 composite?
True
Is 67526363 prime?
False
Is 2379203 a composite number?
False
Is 6311989 composite?
False
Is 5413333 prime?
True
Is 118033 composite?
False
Is 107175239 a composite number?
True
Is 56457083 a prime number?
True
Is 19931753 a prime number?
True
Is 14004091 a composite number?
False
Is 14898073 a prime number?
False
Is 1911661 a composite number?
False
Is 10332695 composite?
True
Is 178414153 prime?
False
Is 1490289 composite?
True
Is 317106401 prime?
True
Is 642280105 a prime number?
False
Is 18065111 a composite number?
False
Is 340951 composite?
True
Is 59760959 composite?
False
Is 6268627 a composite number?
True
Is 302950943 a prime number?
True
Is 1483609 composite?
True
Is 15738469 prime?
True
Is 3029889 a prime number?
False
Is 9263489 composite?
False
Is 3167831 a prime number?
False
Is 249037 composite?
False
Is 211127999 a composite number?
False
Is 14961091 composite?
False
Is 122717473 a composite number?
True
Is 252426139 a prime number?
False
Is 9422554 a composite number?
True
Is 1676009 a composite number?
True
Is 95561 prime?
True
Is 3454769 prime?
True
Is 149198897 a prime number?
True
Is 562824001 prime?
True
Is 338659 a composite number?
False
Is 8976581 composite?
True
Is 26596907 a prime number?
True
Is 1167431 composite?
True
Is 12414851 prime?
True
Is 141383303 prime?
True
Is 327880427 a composite number?
True
Is 492843581 a composite number?
True
Is 1905653 a composite number?
False
Is 12891601 a composite number?
False
Is 337808723 a prime number?
False
Is 337800031 a prime number?
False
Is 899862937 composite?
False
Is 496746829 composite?
True
Is 34565951 prime?
False
Is 4558693 a composite number?
False
Is 21599933 a prime number?
True
Is 190323223 a composite number?
False
Is 42420641 a composite number?
True
Is 144209171 prime?
True
Is 133605917 prime?
True
Is 582391 a composite number?
False
Is 9119683 a composite number?
True
Is 7600447 prime?
False
Is 27477391 prime?
False
Is 822937 composite?
True
Is 5515931 composite?
True
Is 13692409 a prime number?
True
Is 28041157 a composite number?
True
Is 6319981 composite?
False
Is 111463477 prime?
True
Is 724259 prime?
True
Is 2276231 a prime number?
True
Is 338103919 a composite number?
False
Is 123421063 composite?
False
Is 6149287 a composite number?
False
Is 623722969 prime?
False
Is 34873771 prime?
False
Is 11643293 a prime number?
True
Is 372912193 prime?
True
Is 95921545 composite?
True
Is 72380617 a composite number?
False
Is 8533879 prime?
True
Is 5282663 prime?
False
Is 10916957 prime?
False
Is 5633989 a composite number?
True
Is 48557317 composite?
False
Is 8195617 composite?
False
Is 5131757 a prime nu